n factor of 21034860 and 60.
60
Calculate the greatest common divisor of 4316 and 11632699.
1079
What is the highest common factor of 442 and 14595698?
26
What is the highest common divisor of 15625 and 625?
625
What is the greatest common divisor of 880 and 454998060?
220
What is the highest common factor of 151655324 and 2811?
937
What is the highest common divisor of 951 and 702602921?
317
What is the highest common factor of 7428541 and 68?
17
What is the highest common factor of 990996 and 23332?
1228
Calculate the greatest common divisor of 2359 and 17732603.
2359
Calculate the greatest common factor of 6320 and 9640.
40
What is the highest common divisor of 22408 and 479368?
8
Calculate the highest common divisor of 55665 and 18435.
15
Calculate the highest common divisor of 7391 and 6276904.
389
What is the highest common factor of 2660337 and 168831?
999
What is the greatest common divisor of 6662562 and 6?
6
Calculate the highest common factor of 8232 and 196736568.
8232
What is the greatest common divisor of 20652 and 14988?
12
Calculate the highest common factor of 450 and 588206475.
225
What is the greatest common divisor of 616 and 4814964?
308
What is the greatest common divisor of 1460 and 120582860?
1460
What is the highest common divisor of 17048 and 221534498?
4262
What is the highest common divisor of 162 and 1276983?
9
What is the highest common divisor of 1595 and 1182555?
55
What is the greatest common factor of 238566611 and 8005?
1601
Calculate the greatest common divisor of 4 and 44245492.
4
Calculate the highest common divisor of 2484 and 8033808.
276
Calculate the greatest common factor of 24 and 481953.
3
What is the highest common divisor of 105738079 and 34?
17
What is the greatest common factor of 220 and 5725324?
44
What is the greatest common factor of 102227 and 5381473?
677
Calculate the greatest common factor of 308 and 5368748.
308
Calculate the highest common divisor of 2072 and 10547257.
259
What is the highest common divisor of 258 and 7629963?
129
Calculate the highest common divisor of 497293 and 13743.
509
What is the highest common divisor of 119 and 547797103?
119
Calculate the highest common factor of 444375 and 18565.
395
Calculate the greatest common factor of 30 and 4112814.
6
What is the highest common divisor of 39 and 11112387?
39
What is the highest common factor of 15571688 and 352?
88
Calculate the greatest common divisor of 110280 and 115480.
40
Calculate the highest common divisor of 17 and 28649454.
17
What is the highest common divisor of 105 and 113742650?
35
Calculate the highest common factor of 6055686 and 2418.
78
Calculate the greatest common divisor of 18832 and 18392.
88
Calculate the highest common divisor of 1971 and 956421.
27
What is the greatest common divisor of 3874068 and 225324?
396
What is the highest common factor of 1960816 and 339196?
572
Calculate the highest common factor of 552245408 and 1054.
1054
What is the greatest common divisor of 684375 and 2252415?
1095
Calculate the highest common factor of 82844 and 39059.
139
Calculate the highest common divisor of 3162672 and 864.
432
What is the highest common factor of 540 and 1690656435?
135
What is the greatest common factor of 3258 and 2556?
18
What is the greatest common divisor of 4284 and 4927314?
714
What is the greatest common divisor of 121793 and 804601?
959
What is the greatest common divisor of 59337 and 171071?
347
Calculate the highest common factor of 14209830 and 36.
18
Calculate the highest common divisor of 5288591 and 77.
77
Calculate the greatest common divisor of 99 and 163026237.
33
Calculate the highest common factor of 737017872 and 264.
24
What is the greatest common divisor of 4869 and 133815268?
541
What is the greatest common factor of 6976179 and 6552?
63
Calculate the highest common factor of 45628316 and 4.
4
What is the greatest common factor of 27 and 15818031?
27
What is the highest common factor of 7380 and 780930?
90
What is the highest common divisor of 207612 and 3384?
36
Calculate the greatest common divisor of 93733 and 337159.
1399
What is the highest common divisor of 16582104 and 1261205?
10967
What is the highest common factor of 1293026202 and 234?
234
What is the greatest common factor of 306 and 160180324?
34
Calculate the greatest common divisor of 13698 and 3291.
3
Calculate the highest common divisor of 595839 and 141.
3
Calculate the highest common divisor of 9648492 and 378.
42
Calculate the highest common factor of 9312 and 10185000.
2328
What is the greatest common divisor of 148318260 and 1380?
1380
Calculate the greatest common divisor of 40480152 and 24.
24
What is the greatest common divisor of 6050 and 1408000?
550
Calculate the highest common divisor of 116507552 and 14.
14
Calculate the highest common divisor of 2548 and 901780516.
2548
What is the highest common divisor of 83917 and 5921?
31
What is the greatest common divisor of 413 and 12938051?
413
Calculate the highest common factor of 325 and 440492.
13
Calculate the greatest common divisor of 14078014 and 2758.
394
What is the greatest common factor of 4232 and 33029702?
1058
Calculate the highest common divisor of 727173 and 90558.
387
What is the highest common factor of 7149645 and 480?
15
Calculate the greatest common factor of 13854006 and 692982.
5634
What is the greatest common divisor of 98303406 and 927?
309
What is the greatest common factor of 184773 and 78285?
51
What is the highest common factor of 123994974 and 34?
34
Calculate the highest common divisor of 4129466 and 110.
22
What is the highest common divisor of 50024 and 339512?
296
What is the highest common divisor of 1162 and 8990892?
166
What is the greatest common divisor of 4456979 and 10118?
5059
What is the greatest common factor of 391264909 and 7?
7
What is the greatest common factor of 17243766 and 52974?
486
What is the greatest common divisor of 5605 and 4407905?
95
Calculate the greatest common factor of 142 and 20344.
2
What is the greatest common divisor of 29180810 and 4130?
590
Calculate the highest common factor of 442616 and 632.
8
Calculate the highest common factor of 976 and 47880928.
16
What is the highest common divisor of 39336909 and 13207?
281
What is the highest common divisor of 226302 and 49?
1
Calculate the highest common factor of 8877862 and 92.
46
What is the greatest common factor of 1327608 and 75960?
72
What is the greatest common divisor of 3363 and 5628541?
1121
Calculate the highest common factor of 8978811 and 1140.
57
Calculate the highest common factor of 6748 and 1043028.
28
Calculate the highest common factor of 674247 and 699564.
291
Calculate the greatest common divisor of 52318656 and 51.
51
What is the highest common factor of 21 and 142731547?
7
What is the greatest common divisor of 1375 and 2863300?
275
What is the greatest common factor of 210644308 and 56?
28
Calculate the highest common divisor of 140 and 25976440.
140
Calculate the highest common divisor of 3864 and 5567656.
184
What is the greatest common divisor of 50986094 and 12070?
2414
What is the greatest common factor of 691662 and 1632?
102
Calculate the highest common divisor of 4164188 and 4382.
14
What is the greatest common divisor of 317048835 and 195?
15
Calculate the greatest common divisor of 1254047 and 218622.
83
Calculate the highest common factor of 33 and 9630060.
33
What is the highest common divisor of 36 and 293657058?
18
What is the greatest common factor of 2781 and 456781104?
927
What is the highest common divisor of 19591 and 28337491?
1781
What is the highest common divisor of 1086590 and 59830?
1930
What is the greatest common divisor of 46 and 60367939?
23
What is the greatest common divisor of 18023 and 3798833?
67
What is the greatest common factor of 161773256 and 5707?
439
What is the greatest common factor of 10790 and 27365?
65
What is the greatest common factor of 288036763 and 34?
17
Calculate the highest common divisor of 499635 and 380835.
135
What is the greatest common factor of 867 and 56139219?
51
Calculate the greatest common divisor of 2620 and 52160.
20
Calculate the highest common factor of 1495 and 87912877.
299
What is the greatest common factor of 123915 and 11055?
16